 a factor of 7504?
True
Does 15 divide 3825?
True
Does 39 divide 1521?
True
Does 30 divide 1770?
True
Does 118 divide 10540?
False
Does 23 divide 1130?
False
Does 29 divide 2436?
True
Is 6590 a multiple of 9?
False
Is 223 a factor of 57534?
True
Is 42 a factor of 1806?
True
Is 106 a factor of 6702?
False
Is 91 a factor of 8645?
True
Does 22 divide 1563?
False
Is 37316 a multiple of 38?
True
Is 7576 a multiple of 23?
False
Is 8626 a multiple of 8?
False
Is 7 a factor of 25268?
False
Is 294 a multiple of 14?
True
Is 32 a factor of 448?
True
Does 4 divide 6000?
True
Does 2 divide 316?
True
Is 1909 a multiple of 65?
False
Does 30 divide 4665?
False
Is 102 a factor of 381?
False
Is 42 a factor of 3108?
True
Is 1280 a multiple of 10?
True
Does 10 divide 9385?
False
Does 20 divide 48517?
False
Does 3 divide 110?
False
Does 6 divide 156?
True
Does 2 divide 2653?
False
Is 620 a multiple of 62?
True
Is 39 a factor of 7806?
False
Is 162 a multiple of 27?
True
Is 11439 a multiple of 9?
True
Does 10 divide 1775?
False
Does 26 divide 3770?
True
Does 29 divide 203?
True
Is 2 a factor of 45?
False
Does 13 divide 1368?
False
Does 35 divide 139?
False
Is 13 a factor of 7865?
True
Does 97 divide 4265?
False
Does 5 divide 45?
True
Does 7 divide 75?
False
Is 20 a factor of 6177?
False
Does 12 divide 180?
True
Is 1170 a multiple of 18?
True
Is 21349 a multiple of 19?
False
Is 17871 a multiple of 20?
False
Is 91 a factor of 86169?
False
Does 98 divide 1349?
False
Is 18914 a multiple of 33?
False
Is 59 a factor of 2850?
False
Is 18 a factor of 439?
False
Is 31 a factor of 7308?
False
Does 245 divide 12083?
False
Is 2 a factor of 435?
False
Is 101 a multiple of 30?
False
Is 3 a factor of 490?
False
Is 21 a factor of 3311?
False
Is 8551 a multiple of 6?
False
Is 1547 a multiple of 8?
False
Does 37 divide 2373?
False
Is 3 a factor of 90?
True
Is 29714 a multiple of 62?
False
Is 820 a multiple of 10?
True
Does 34 divide 442?
True
Does 10 divide 882?
False
Is 16 a factor of 128?
True
Is 2426 a multiple of 58?
False
Is 2941 a multiple of 17?
True
Does 91 divide 9737?
True
Is 7737 a multiple of 3?
True
Is 676 a multiple of 11?
False
Does 2 divide 5524?
True
Is 1050 a multiple of 33?
False
Does 27 divide 7749?
True
Does 52 divide 8712?
False
Is 1750 a multiple of 14?
True
Is 20 a factor of 13780?
True
Is 69 a factor of 115?
False
Does 65 divide 5324?
False
Is 6094 a multiple of 2?
True
Is 160 a factor of 27151?
False
Is 15 a factor of 3674?
False
Does 188 divide 9588?
True
Is 31080 a multiple of 74?
True
Does 299 divide 36892?
False
Is 33 a factor of 7502?
False
Is 12 a factor of 660?
True
Is 107 a factor of 11835?
False
Is 17 a factor of 60714?
False
Does 8 divide 5936?
True
Is 1845 a multiple of 17?
False
Does 15 divide 6240?
True
Is 13 a factor of 4939?
False
Is 12779 a multiple of 43?
False
Is 900 a multiple of 20?
True
Is 1188 a multiple of 36?
True
Is 47 a factor of 10895?
False
Is 23 a multiple of 5?
False
Is 211 a multiple of 2?
False
Is 3 a factor of 1171?
False
Is 23 a factor of 1848?
False
Is 753 a multiple of 35?
False
Is 6210 a multiple of 31?
False
Does 5 divide 104?
False
Does 41 divide 5084?
True
Is 93 a multiple of 4?
False
Does 183 divide 94611?
True
Is 80054 a multiple of 13?
True
Does 14 divide 10024?
True
Does 7 divide 65340?
False
Is 4 a factor of 180?
True
Is 315 a multiple of 45?
True
Is 1183 a multiple of 227?
False
Is 3172 a multiple of 2?
True
Is 10 a factor of 65680?
True
Is 91 a factor of 182?
True
Is 13 a factor of 48048?
True
Is 8414 a multiple of 73?
False
Is 51 even?
False
Is 5723 a multiple of 16?
False
Is 979 a multiple of 44?
False
Is 18290 a multiple of 295?
True
Is 30 a factor of 90090?
True
Does 28 divide 7060?
False
Is 3246 a multiple of 6?
True
Is 10544 a multiple of 34?
False
Is 10 a factor of 3559?
False
Is 8 a factor of 2890?
False
Is 9 a factor of 1186?
False
Is 962 a multiple of 74?
True
Does 69 divide 9706?
False
Is 45 a factor of 447?
False
Is 14 a factor of 27608?
True
Is 14 a factor of 750?
False
Is 59622 a multiple of 11?
False
Is 4736 a multiple of 6?
False
Does 17 divide 476?
True
Is 15267 a multiple of 21?
True
Does 16 divide 32144?
True
Is 648 a multiple of 18?
True
Does 84 divide 28812?
True
Does 36 divide 40125?
False
Does 3 divide 3880?
False
Is 696 a multiple of 24?
True
Is 5023 a multiple of 47?
False
Is 56 a multiple of 28?
True
Is 134 a factor of 6834?
True
Is 31 a factor of 2821?
True
Does 7 divide 167?
False
Is 47 a factor of 4277?
True
Is 6 a factor of 138?
True
Does 17 divide 935?
True
Is 50 a factor of 122182?
False
Is 504 a multiple of 26?
False
Is 58 a factor of 1856?
True
Is 84 a multiple of 42?
True
Does 16 divide 26976?
True
Is 63860 a multiple of 62?
True
Is 16 a factor of 17684?
False
Is 7529 a multiple of 8?
False
Is 643 a multiple of 49?
False
Does 57 divide 5910?
False
Does 5 divide 1091?
False
Is 19 a factor of 4902?
True
Does 11 divide 555?
False
Does 15 divide 8850?
True
Does 160 divide 23200?
True
Does 45 divide 3825?
True
Does 17 divide 1190?
True
Is 42379 a multiple of 81?
False
Does 34 divide 102?
True
Does 69 divide 3701?
False
Does 47 divide 7554?
False
Is 1083 a multiple of 15?
False
Is 1717 a multiple of 42?
False
Is 24540 a multiple of 25?
False
Is 190 a multiple of 19?
True
Is 6 a factor of 1271?
False
Is 3436 a multiple of 4?
True
Does 66 divide 16831?
False
Does 117 divide 24687?
True
Is 40611 a multiple of 260?
False
Does 132 divide 40306?
False
Is 610 a multiple of 16?
False
Is 251 a multiple of 4?
False
Does 5 divide 925?
True
Is 42 a factor of 956?
False
Is 115033 a multiple of 37?
True
Is 201 a factor of 6432?
True
Does 19 divide 608?
True
Is 48 a factor of 986?
False
Is 1012 a multiple of 22?
True
Does 50 divide 292?
False
Is 2035 a multiple of 37?
True
Is 9 a factor of 1026?
True
Does 14 divide 7210?
True
Does 9 divide 3682?
False
Is 8 a factor of 483?
False
Does 12 divide 46788?
True
Is 39 a factor of 221?
False
Is 216 a factor of 18442?
False
Does 7 divide 23?
False
Is 9 a factor of 79317?
True
Is 30914 a multiple of 98?
False
Is 27 a factor of 2565?
True
Is 33824 a multiple of 112?
True
Is 629 a multiple of 78?
False
Is 13 a factor of 78871?
True
Is 18504 a multiple of 72?
True
Is 96 a multiple of 8?
True
Is 15 a factor of 224?
False
Is 1323 a multiple of 7?
True
Is 1387 a multiple of 19?
True
Does 3 divide 3?
True
Is 7495 a multiple of 9?
False
Is 8723 a multiple of 61?
True
Is 627 a multiple of 4?
False
Is 12456 a multiple of 173?
True
Is 23 a factor of 320?
False
Does 22 divide 880?
True
Is 988 a multiple of 214?
False
Is 31 a factor of 11473?
False
Is 551 a multiple of 24?
False
Does 11 divide 605?
True
Does 133 divide 13965?
True
Is 2 a factor of 1348?
True
Is 6 a factor of 2163?
False
Does 10 divide 80?
True
Does 13 divide 9191?
True
Is 6007 a multiple of 21?
False
Is 15 a factor of 1012?
False
Does 138 divide 9389?
False
Does 5 divide 25165?
True
Is 5707 a multiple of 128?
False
Is 36176 a multiple of 17?
True
Does 4 divide 10?
False
Is 88 a factor of 2891?
False
Does 26 divide 12376?
True
Does 29 divide 64641?
True
Is 134 a multiple of 3?
False
Is 16 a factor of 16?
True
Is 9 a factor of 2790?
True
Is 48 a factor of 69648?
True
Is 16130 a multiple of 10?
True
Is 35404 a multiple of 29?
False
Does 2 divide 152?
True
Is 17 a factor of 95727?
True
Is 13 a factor of 39?
True
Is 46 a factor of 736?
True
Is 7996 a multiple of 94?
False
Is 8252 a multiple of 4?
True
Is 6631 a multiple of 69?
False
Is 170 a factor of 1283?
False
Is 17 a factor of 583?
False
Does 7 divide 7798?
True
Is 20670 a multiple of 15?
True
Is 3024 a multiple of 84?
True
Does 126 divide 49266?
True
Does 26 divide 2669?
False
Is 16 a factor of 1264?
True
Is 34955 a multiple of 7?
False
Does 41 divide 59522?
False
Is 2967 a multiple of 69?
True
Is 24 a factor of 1242?
False
Does 29 divide 5682?
False
Does 6 divide 234?
True
Is 2001 a multiple of 23?
True
Does 6 divide 21898?
False
Does 23 divide 39956?
False
Does 50 divide 45537?
False
Does 35 divide 2255?
False
Is 114 a factor of 8314?
False
Is 14 a factor of 20470?
False
Does 29 divide 320?
False
Is 62 a factor of 44516?
True
Does 67 divide 1698?
False
Does 91 divide 314?
False
Is 11 a factor of 5850?
False
Does 238 divide 56168?
True
Is 31 a fact